{"id":1325,"date":"2013-05-26T23:38:50","date_gmt":"2013-05-26T21:38:50","guid":{"rendered":"http:\/\/www.rtvvis.nl\/?page_id=1325"},"modified":"2013-05-26T23:38:50","modified_gmt":"2013-05-26T21:38:50","slug":"wdr-4","status":"publish","type":"page","link":"https:\/\/rtvvis.nl\/?page_id=1325","title":{"rendered":"WDR 4"},"content":{"rendered":"<p style=\"text-align: center;\"><strong><img loading=\"lazy\" decoding=\"async\" class=\"aligncenter size-full wp-image-8810\" src=\"https:\/\/rtvvis.nl\/wp-content\/uploads\/2021\/05\/wdr4_logo-1.png\" alt=\"\" width=\"250\" height=\"85\" \/>Internet:<\/strong> <a href=\"http:\/\/www.wdr4.de\" target=\"_blank\" rel=\"noopener\">www.wdr4.de<\/a><\/p>\n<p style=\"text-align: center;\">\n<p align=\"center\"><span style=\"font-family: Verdana; font-size: large;\"><strong>DAB+:<\/strong><br \/>\n<\/span><span style=\"font-family: Verdana; font-size: large;\">Nordrhein-Westfalen &#8211; kanaal 11D \/ 222.064 MHz<\/span><\/p>\n<p align=\"center\"><img loading=\"lazy\" decoding=\"async\" class=\"aligncenter size-full wp-image-8802\" src=\"https:\/\/rtvvis.nl\/wp-content\/uploads\/2021\/05\/DAB-Empfang-NRW.jpg\" alt=\"\" width=\"817\" height=\"599\" \/><\/p>\n<p align=\"center\"><strong><span style=\"font-family: Verdana; font-size: large;\">FM:<\/span><\/strong><\/p>\n<p align=\"center\"><span style=\"font-family: Verdana; font-size: large;\">Aachen-Stolberg 93.9<\/span><\/p>\n<p align=\"center\"><span style=\"font-family: Verdana; font-size: large;\">Arnsberg\u00a091.7<\/span><\/p>\n<p align=\"center\"><span style=\"font-family: Verdana; font-size: large;\">Bad Oeynhausen\u00a090.1<\/span><\/p>\n<p align=\"center\"><span style=\"font-family: Verdana; font-size: large;\">Bonn\u00a0101.3<\/span><\/p>\n<p align=\"center\"><span style=\"font-family: Verdana; font-size: large;\">Eifel-B\u00e4rbelkreuz\u00a0104.4<\/span><\/p>\n<p align=\"center\"><span style=\"font-family: Verdana; font-size: large;\">Hallenberg\u00a096.1<\/span><\/p>\n<p align=\"center\"><span style=\"font-family: Verdana; font-size: large;\">H\u00f6xter\u00a087.8<\/span><\/p>\n<p align=\"center\"><span style=\"font-family: Verdana; font-size: large;\">Ibbenb\u00fcren 99.5<\/span><\/p>\n<p align=\"center\"><span style=\"font-family: Verdana; font-size: large;\">Kleve 101.7<\/span><\/p>\n<p align=\"center\"><span style=\"font-family: Verdana; font-size: large;\">K\u00f6ln 90.7<\/span><\/p>\n<p align=\"center\"><span style=\"font-family: Verdana; font-size: large;\">L\u00fcbbecke\u00a099.6<\/span><\/p>\n<p align=\"center\"><span style=\"font-family: Verdana; font-size: large;\">M\u00e4rkischer und\u00a0Oberbergischer Kreis 103.8<\/span><\/p>\n<p align=\"center\"><span style=\"font-family: Verdana; font-size: large;\">Monschau\u00a091.9<\/span><\/p>\n<p align=\"center\"><span style=\"font-family: Verdana; font-size: large;\">M\u00fcnster\u00a0100.0<\/span><\/p>\n<p align=\"center\"><span style=\"font-family: Verdana; font-size: large;\">Ostwestfalen\u00a0100.5<\/span><\/p>\n<p align=\"center\"><span style=\"font-family: Verdana; font-size: large;\">Sauerland 104.1<\/span><\/p>\n<p align=\"center\"><span style=\"font-family: Verdana; font-size: large;\">Schmallenberg\u00a0101.1<\/span><\/p>\n<p align=\"center\"><span style=\"font-family: Verdana; font-size: large;\">Siegen\u00a0101.2<\/span><\/p>\n<p align=\"center\"><span style=\"font-family: Verdana; font-size: large;\">Siegerland\u00a0100.7<\/span><\/p>\n<p align=\"center\"><span style=\"font-family: Verdana; font-size: large;\">Warburg\u00a0104.5<\/span><\/p>\n<p align=\"center\">\n<p align=\"center\"><img loading=\"lazy\" decoding=\"async\" class=\"aligncenter size-full wp-image-8811\" src=\"https:\/\/rtvvis.nl\/wp-content\/uploads\/2021\/05\/WDR-4-Frequentiekaart2013.png\" alt=\"\" width=\"448\" height=\"407\" \/><\/p>\n","protected":false},"excerpt":{"rendered":"<p>Internet: www.wdr4.de DAB+: Nordrhein-Westfalen &#8211; kanaal 11D \/ 222.064 MHz FM: Aachen-Stolberg 93.9 Arnsberg\u00a091.7 Bad Oeynhausen\u00a090.1 Bonn\u00a0101.3 Eifel-B\u00e4rbelkreuz\u00a0104.4 Hallenberg\u00a096.1 H\u00f6xter\u00a087.8 Ibbenb\u00fcren 99.5 Kleve 101.7 K\u00f6ln 90.7 L\u00fcbbecke\u00a099.6 M\u00e4rkischer und\u00a0Oberbergischer Kreis 103.8 Monschau\u00a091.9 M\u00fcnster\u00a0100.0 Ostwestfalen\u00a0100.5 Sauerland 104.1 Schmallenberg\u00a0101.1 Siegen\u00a0101.2 Siegerland\u00a0100.7 Warburg\u00a0104.5<\/p>\n","protected":false},"author":1,"featured_media":0,"parent":0,"menu_order":0,"comment_status":"open","ping_status":"open","template":"","meta":{"footnotes":""},"class_list":["post-1325","page","type-page","status-publish","hentry"],"_links":{"self":[{"href":"https:\/\/rtvvis.nl\/index.php?rest_route=\/wp\/v2\/pages\/1325","targetHints":{"allow":["GET"]}}],"collection":[{"href":"https:\/\/rtvvis.nl\/index.php?rest_route=\/wp\/v2\/pages"}],"about":[{"href":"https:\/\/rtvvis.nl\/index.php?rest_route=\/wp\/v2\/types\/page"}],"author":[{"embeddable":true,"href":"https:\/\/rtvvis.nl\/index.php?rest_route=\/wp\/v2\/users\/1"}],"replies":[{"embeddable":true,"href":"https:\/\/rtvvis.nl\/index.php?rest_route=%2Fwp%2Fv2%2Fcomments&post=1325"}],"version-history":[{"count":0,"href":"https:\/\/rtvvis.nl\/index.php?rest_route=\/wp\/v2\/pages\/1325\/revisions"}],"wp:attachment":[{"href":"https:\/\/rtvvis.nl\/index.php?rest_route=%2Fwp%2Fv2%2Fmedia&parent=1325"}],"curies":[{"name":"wp","href":"https:\/\/api.w.org\/{rel}","templated":true}]}}